Suppose -r = -2*j + 3. Suppose -j = d - 2*d. Let a(q) = -q**3 + 5*q**2 + 4*q + 4. Determine a(d).
-8
Let r(u) = 0 - 2*u + 5 + 0 + 3*u. Let q be r(-4). Let n(a) = -a**2 + 8*a - a**3 + 3 - 5*a - q. What is n(-2)?
0
Let m(b) be the first derivative of b**3/3 + 3*b**2 + 5*b + 57. Calculate m(-3).
-4
Let g(t) = -12 + 2 + 35*t - 1 - 37*t. Let o(b) = b + 6. Let i(k) = -3*g(k) - 5*o(k). Give i(-5).
-2
Suppose 5*c - 2*h = -5*h + 10, 3*c - 2 = -h. Let m(o) be the second derivative of 0 + 4*o + 4/3*o**3 - 1/2*o**2. Calculate m(c).
-9
Let k be (12/(-15))/(2/5). Let x(p) = -p**2 - 4*p - 4. Let c be (6 - 0/4) + 1. Let l(s) = -4*s**2 - 12*s - 12. Let g(m) = c*x(m) + k*l(m). Give g(5).
1
Let j(p) be the second derivative of 0 + 1/3*p**3 - 7*p + 1/2*p**2. Give j(4).
9
Let x(i) be the first derivative of 1 - 4*i - 1/4*i**4 + 0*i**2 + 5/3*i**3. Let a be (-5)/(3*(-3)/9). Determine x(a).
-4
Let j(u) = 2*u - 1. Let d(l) = -l**3 + 6*l**2 - 2. Let b be d(6). Let h be j(b). Let a(v) = -20*v - 3 + 41*v - 20*v. What is a(h)?
-8
Let r(k) = k + 4. Suppose 5*z + 2*g = -26, 1 = 4*z - g + 14. Determine r(z).
0
Let z(a) be the first derivative of 1/3*a**3 - 5/24*a**4 + 9/2*a**2 - 1/60*a**5 + 0*a + 11. Let u(w) be the second derivative of z(w). Determine u(-5).
2
Suppose 5*m = -5*u + 6*m + 25, -3*u = -4*m + 2. Let p(q) = -2*q**2 + 5*q + 4. Give p(u).
-38
Let t(q) = -18*q - 3. Let o(n) = 5*n. Let r(l) = 4*o(l) + t(l). What is r(11)?
19
Let t be (13/5)/(12/60). Let l(w) = -3*w**2 + 18*w + 1 - 5*w - t*w. Let q = 0 + 2. What is l(q)?
-11
Suppose 8*s - 52 = -4. Let y(k) be the second derivative of k**3/6 - 9*k**2/2 + k. What is y(s)?
-3
Let y(t) = 9*t**3 - 4*t**2 - 2*t + 16. Let n(w) = -3*w**3 + w**2 + w - 5. Let v(s) = -7*n(s) - 2*y(s). Calculate v(2).
25
Let l be (1 - 37) + 5/(30/12). Let s = -31 - l. Let p(x) = x**3 - x**2 - 4*x. Determine p(s).
6
Let l(b) = -b**2 - 3*b - 2. Suppose 20 = 32*n - 37*n. What is l(n)?
-6
Let m(f) = 730 - 731 + 220*f - 206*f. Suppose 4*z + 2*p = -2*p, -1 = 3*z + 4*p. Give m(z).
13
Let c(i) = -3*i**3 + i**2 + 5*i - 1 - 4*i + 5*i**3 + 3*i**3. Suppose -3*j - 4*o = -11, -j - 23*o = -28*o + 9. What is c(j)?
6
Let f = 65 - 70. Let h(v) = -v - 1. Let u be 1/2*-10*1. Let l(x) = x + 2. Let a(m) = u*h(m) - 3*l(m). What is a(f)?
-11
Let l = -1200 - -1203. Let y(d) = -d**2 + 3*d**2 + 0*d - d**3 + 2 - 3*d. Calculate y(l).
-16
Let h(a) be the third derivative of a**6/60 + a**5/60 - a**4/12 - a**3/6 + 46*a**2 + 2*a. Give h(2).
15
Suppose v - 10*v = -18. Suppose v*o - 7 = -5*j, -j + 5 = 2*o - 6. Let p(w) = -w**3 + 5*w**2 + 8*w + 4. Calculate p(o).
16
Let b(r) = -4*r**2 + 7*r + 1. Suppose 4*s + 3 = -5*c, 3 - 15 = s + 5*c. Calculate b(s).
-14
Let g be -2*1 - (-3 - 4). Let q be 8 + (-5 - -1 - -3). Let u(y) = 4*y**2 + q - y**3 - 5 - 4 + 5*y. What is u(g)?
-2
Let h(j) = -j**3 - 4*j**2 - 3*j + 1. Let k(m) = 3*m**3 + 3*m**2 - 2*m. Let c be k(-3). Let s be c/8*2/4. Calculate h(s).
1
Let g(n) = -39*n + 53. Let s(m) = 7*m - 11. Let x(a) = 2*g(a) + 11*s(a). Determine x(-11).
-4
Suppose 2 = 5*w + 2. Suppose -2*y + 0*q + 2*q - 2 = w, q - 4 = 4*y. Let p(k) = -8*k**3 + k**2 - k - 1. Give p(y).
9
Suppose -s - 3*s + 16 = -5*n, -3*n - 4*s = -16. Let f(p) = -p**3 - p**2 - 2. Determine f(n).
-2
Let m = -18 + 11. Let j(a) = -23 + 6*a + 22 - 7*a. Determine j(m).
6
Let s(o) = -2*o - 7. Suppose -2*f - 3*f - 2*c + 10 = 0, 20 = 2*f + 4*c. Suppose -5*y = -f*z + 2*z + 28, 0 = 2*y - 5*z + 17. Give s(y).
5
Suppose -42*x = -41*x + 2. Let w(b) = 2*b**2 - 2*b - 6. Let k(i) = -5*i - 11 + 4*i**2 + 0*i**2 + 4*i**2 - 5*i**2. Let r(c) = 3*k(c) - 5*w(c). Determine r(x).
3
Suppose 10*l + 45 + 75 = 0. Let q(s) = s + 8. Calculate q(l).
-4
Let u(h) be the second derivative of h**7/840 - h**6/90 - 7*h**5/120 + 5*h**4/24 - 25*h**3/6 - 11*h. Let w(l) be the second derivative of u(l). Calculate w(5).
-5
Let k be 4 + (6 - (-2 + 11)). Let b(p) = -19*p**3. Give b(k).
-19
Let m(j) = 3*j**2 - 2*j - 2. Let y(v) = 5*v**2 - 23*v - 43. Let a be y(6). Calculate m(a).
3
Let p be 1/5 - 12/10. Let w = -1 - p. Let q(m) be the first derivative of m**3/3 - 4*m - 123. What is q(w)?
-4
Let d(v) be the first derivative of -v**4/2 + v**3 + v**2/2 - v - 252. Calculate d(-2).
25
Let w(g) be the first derivative of g**4/4 - g**3/3 + 4*g - 1. Let i(q) = 6*q + 4*q - 5*q + 0*q. Let f be i(0). Calculate w(f).
4
Let f(i) = 3 + 0*i**2 + 8*i - 11*i**2 + 15*i**2 - 5*i**2. Determine f(8).
3
Suppose -244 = 26*j + 198. Let t(f) = f**3 + 18*f**2 + 18*f + 22. Give t(j).
5
Suppose y + 22 - 41 = -2*g, -3*y + 3*g + 12 = 0. Let i(d) = d**3 - 8*d**2 - 10*d - 13. What is i(y)?
-22
Let k(y) = 3*y**3 + 5*y**2 - 2*y - 9. Suppose 8*c - c = 35. Let o(i) = -4*i**3 - 7*i**2 + 3*i + 13. Let a(m) = c*o(m) + 7*k(m). Calculate a(-3).
-28
Let o(h) = 7*h**3 - 3*h**2 + 2*h + 1. Suppose 4*g = a + 8, -2*g + 4*a - 10 = -7*g. Give o(g).
49
Suppose 2*i + 5 = i, -2*y - 54 = 2*i. Let p = 21 + y. Let k(g) = -4*g**2 - 4*g. Let h(w) = -w**2 - w. Let t(c) = 3*h(c) - k(c). Calculate t(p).
0
Let i(v) = -8*v - 40. Let y be i(-5). Let n(p) be the second derivative of 1/12*p**4 - 1/6*p**3 - 8*p + p**2 + y. Determine n(3).
8
Let m(r) = 7*r**3 - 9*r**2 - 5*r + 1. Let g(j) = -12*j**3 + 18*j**2 + 8*j. Let d(q) = 3*g(q) + 5*m(q). What is d(9)?
-4
Let p(v) = -8*v**3 - v**2 + 2*v - 1. Let u = 27 + 4. Let t = u + -30. Give p(t).
-8
Let z(k) be the first derivative of k**6/360 - k**5/24 - k**4/8 + k**3 + 4. Let u(x) be the third derivative of z(x). Give u(5).
-3
Suppose 5*z = z + 36. Let g(q) be the third derivative of q**6/120 - q**5/6 + 3*q**4/8 - q**3 - q**2 + 966*q. Give g(z).
-6
Let o(b) be the third derivative of -b**5/120 + 5*b**4/12 + 11*b**3/3 - 18*b**2. Let y(d) be the first derivative of o(d). What is y(7)?
3
Let c(k) = 10*k**2 + 6*k**2 - 12 + k**3 + 0*k - 4*k - 6*k**2. Calculate c(-10).
28
Let m(s) = -s + 7. Suppose 3*u = 6*u. Suppose -g = -u*g + 2*z - 8, -25 = -4*g - z. Give m(g).
1
Let f(z) = -8*z. Let c = -3 + -1. Let a be (-9)/(-6)*c/6. What is f(a)?
8
Let b(u) be the third derivative of -u**4/8 - 5*u**3/6 + 7*u**2. Suppose 2*h = -2*i - 8, 2*h - 3*h - 1 = 0. Let a be (-3)/(-3) + 21/i. Give b(a).
13
Let s(m) be the second derivative of 1/40*m**5 - 1/2*m**4 + 0 + 0*m**3 - 1/720*m**6 + 2*m + 0*m**2. Let f(q) be the third derivative of s(q). What is f(-6)?
9
Let o(n) = -n**3 + 6*n**2 - 2*n - 7. Suppose j - 14*j = -65. Give o(j).
8
Let i(d) = -2*d - 3. Let l(b) = -4 + 1 + 3*b + 7. Let y(p) = -7*i(p) - 5*l(p). Suppose -5*o - 98 = -98. What is y(o)?
1
Let d(f) be the first derivative of f**3/3 - 3*f**2 + 3*f + 304. Suppose 0 = 2*t - t - 4. Suppose -w = w - t*o, -w + o = -1. Calculate d(w).
-5
Let t(l) = l - 5. Let i be ((-228)/(-20) + -1)*(-10)/(-4). Suppose -m - 31 = -i. Calculate t(m).
-10
Let g be (-2)/9 - (-6)/27. Suppose -4*v - v + 30 = g. Suppose 0 = -0*r - 5*r + 4*h + 15, 5*h - v = -2*r. Let y(u) = -u**2 + 2*u + 2. What is y(r)?
-1
Let f(j) = j**3 - 6*j**2 - 7*j - 2. Let a be (264/6)/4 + (-2 - 2). Determine f(a).
-2
Suppose 0 = -2*j - 4*s - 14 - 6, 0 = -2*j + 5*s - 2. Let w(l) = -l**3 - 5*l**2 + 5*l - 2. What is w(j)?
4
Let v = 218 - 228. Let p(t) = -t**2 - 13*t - 13. Determine p(v).
17
Suppose -13*a + 7 = -84. Let p(f) = f**2 - 9*f + 1. Give p(a).
-13
Let t(g) = -g**2 + 1. Suppose -2*o + 0*q + 28 = -2*q, -2*o + 28 = -3*q. Suppose -12*a = -o*a - 56. Let c = 28 + a. Determine t(c).
1
Let i(j) be the third derivative of -j**7/280 - j**6/120 - j**5/60 + j**4/24 + j**3/2 + 46*j**2. Let r(n) be the first derivative of i(n). Calculate r(-2).
17
Let j(k) be the third derivative of 0*k + 7/60*k**5 - 7/24*k**4 + 0 + 5*k**2 + 0*k**3 - 1/120*k**6. Give j(5).
15
Let x(f) = f + 3. Let i be 19*1 - (-3)/6*-4. Suppose 7*l + i = -11. Determine x(l).
-1
Suppose 0 = -41*t + 13*t + 336. Let a(u) = u**3 - 12*u**2 - 2*u + 4. Calculate a(t).
-20
Let o(m) = 2*m**2 + 4*m + 2. Let v be o(-7). Suppose -g + h + 18 = -2*h, 4*g - v = -h. Suppose -8 = 2*a - g. Let t(u) = u**3 - 6*u**2 + 6*u. Calculate t(a).
5
Suppose 0*h = -2*h - 3*v + 19, 0 = -5*h + 3*v - 5. Let s(p) = 11*p - 3. Let f(c) = -6*c + 2. Let t(r) = 5*f(r) + 3*s(r). Give t(h).
7
Let k = 7 + -11. Let h(g) = -4*g + 18. Let t be h(4). Let s(p) = -2 - p**2 - 29*p + 2*p**t + 33*p. What is s(k)?
-2
Suppose -2*u = -2*h - 4, 0 = -3*u - 5*h + 2*h -